ate 20 - 93 - (8 - 52).
-29
13 + -15 + 13 + 0 - 19 - -2 - -113
107
What is (0 - 9) + -40 + (6 - 20)?
-63
0 - (-98 + (-74 - -22) + 9 + 2)
139
Calculate -26 + -2 - (146 - 95 - -54).
-133
Calculate (-244 - -132 - -99) + 2 + -45.
-56
What is the value of 61 + 0 - 186 - -113?
-12
Calculate ((0 - -7) + (-396 - -403) - 5) + -59.
-50
20 + 0 - (5 + (41 - 28))
2
Calculate 2 + (118 + -108 - ((1 - -38) + 2 + 0)).
-29
What is the value of 105 + -90 - (8 - 5)?
12
What is the value of (-8 - 31) + 4 - (71 + -89)?
-17
Calculate (7 - (-10 + (7 - -5))) + (104 - 228).
-119
Evaluate (-2 + 4 + 3 - 16) + 2 + (2 - 13).
-20
(-4020 - -3934) + (1 - -33)
-52
What is the value of -6 + (8 - 6) + (-1 + -1 - -5) + 2?
1
Calculate -85 - (-415 + 401 - (20 - 2)).
-53
What is the value of (-4 + 2 + -1 - (12 - 6)) + -74?
-83
What is the value of -1 + (12 - 15) - (8 - (20 - -6))?
14
What is the value of (-9 - (-42 + 16)) + -5 + -6 - (18 - -2)?
-14
What is the value of -134 + 58 - (16 + -56)?
-36
Calculate 14 + -11 + 4 + 2 + -4 + -4 + -3.
-2
What is (-10 - -27) + 38 + (-76 - 6)?
-27
-31 - (-237 + 248 + (-10 - 6))
-26
Calculate 6 - (-1 + (-3 - (17 - -18))).
45
Calculate -1 + 4 + (17 - -47 - 58).
9
What is (-26 + 15 + -1 - -26) + 1 + 31?
46
What is the value of (-1 - -5) + 2 + (-23 - (-1 - 10)) - 115?
-121
What is the value of 0 + (12 + 5 - (1 - 7 - (-13 + 0)))?
10
What is 10 - 6 - (14 - 25 - -25)?
-10
Calculate 58 + 2 - (812 + -728).
-24
What is (559 - 653) + (-11 - -88)?
-17
What is the value of 11 + 21 + 15 + -68?
-21
Calculate 39 - (67 + -10 - (80 + -55)).
7
Evaluate 1 + -2 + 46 + 4 + (19 - 5) + -11.
52
What is the value of 65 - 92 - (0 + -2 + -12) - -24?
11
Calculate -13 - ((-43 - -65) + -28 + (1 - 82)).
74
39 - 87 - -19 - -27
-2
What is -20 + (-20 - (35 + (-8 - 29)))?
-38
What is the value of -31 - (0 + 14) - -18?
-27
(1 - 6 - -11) + 2 - (-4 + 40 + 21)
-49
(-10 + (36 - 6) - -14) + -1 + 1 + 5
39
(-25 - -53 - 27) + (56 - (-2 - -3))
56
Calculate (2 - 28) + -405 + 398 + -1 + 14.
-20
Calculate (-44 - -56) + (-1 - 4) + -13 + -3.
-9
What is 19 + -40 + (2 - 5) + 4?
-20
Evaluate 20 + -3 + 28 + -19 + 41.
67
Calculate -19 - (-5 + (6 + 2 - (112 + -97)) - -2).
-9
13 + 4 + -40 + -22 + 45 + -31
-31
Evaluate (-1 - 0) + (892 - 742) + (1 - 7).
143
Evaluate (30 - 67 - -51) + -21 - ((0 - -1) + 35).
-43
What is -25 - (-11 - -8) - (12 + (0 - 13) - -7)?
-28
-17 + -23 + (-11 - -27) + 8
-16
What is the value of (1 - 0 - ((-7 - -69) + 9)) + 14?
-56
Evaluate -7 + -1 + -14 + -27 - (-6 + (16 - 1)).
-58
Evaluate (165 - (16 - -61)) + -93.
-5
What is (-3 - (13 + (2 - 7))) + -168 + 191?
12
What is the value of (-63 - (-21 + 41 - -3)) + -13?
-99
Calculate (13 - 0) + (-214 - (160 + -498)).
137
Evaluate (-28 - 2) + -1 + (-29 - -69 - 43).
-34
What is -61 - (-243 + 109) - 179?
-106
Evaluate (6 + (11 - 8) - -9) + -10 + 8.
16
What is (5 - 9) + 8 + (13 - ((3 - 15) + -71))?
100
-152 - -166 - (1 - (0 - 19))
-6
Calculate 7 - -2 - (233 + -239 - (-2 + 10)).
23
Calculate (-9 - (0 + 1 - (-4 + 3))) + (-26117 - -26143).
15
What is -4 + (-152 + 169 - (-1 + -45)) + -15?
44
What is 59 - (12 - (26 + -10) - -8)?
55
(1 - (-10 - (-7 - -16) - -10)) + -20
-10
What is the value of -8 - 5 - -28 - (27 - (-21 + 10))?
-23
Calculate ((1 - -4) + (24 - 40) - (-6 - -3)) + 62.
54
Evaluate -10 + (6 - (-8 - -7)) + (2 - (1 + -6)).
4
What is -19 - (2 - (0 + (-5 - 1) - -98))?
71
Evaluate (37 - (94 + -77)) + (2 - 0).
22
4 + 0 + -1 - (-80 + 9 - (-21 - -16))
69
Evaluate 1 + 23 - (-30 - -39).
15
What is (2 - (7 + -27)) + -16 - (0 + -9)?
15
-1 + (-2 - (-10 + 21)) + 15 + 90 + -16
75
What is the value of -69 + 60 + (17 - 43)?
-35
36 - (4 + -7 + 3 - 3 - (158 - 168))
29
Calculate -38 + (-2 - -106) + -59.
7
Calculate (1 - 3 - -1 - (-46 - -37 - -11)) + -1.
-4
What is -4 + -3 - 14 - (69 - (0 + 60))?
-30
What is the value of 45 + -35 - -61 - (1 + -2 + 19)?
53
-12 + 22 + -14 + -7 + (101 - 1) + -3
86
What is -52 - (-19 + 11 + -10 + 2)?
-36
Calculate 51 + -34 + (-6 + 11 - 12 - -111).
121
Evaluate 200 - (112 - -44) - -2.
46
70 - 36 - 12 - (-18 + (-2 - -3))
39
Evaluate 7755 + -7769 - (1 - 5).
-10
What is the value of -3 - 1 - (2 - 9 - -1 - (-1489 + 1496))?
9
What is the value of 8 - (-11 + 77 + (-1 - 10)) - -9?
-38
What is (33 - 7) + -59 + -8 + -13?
-54
Calculate -79 + -1 - (-20 - 3 - (169 - 179)).
-67
-9 - 9 - -18 - 33
-33
(-14 - -7) + (0 + -41 - 5 - -2) + -1
-52
Calculate -6 - ((22 - 23 - -10) + -42).
27
Calculate 16 + -1 + 2 + -2 - (-250 - -200).
65
Evaluate 0 - 11 - (-24 - (-22 - (23 - 19))).
-13
Evaluate -12 - (-212 - -235 - (-14 + (-3 - -5)) - 3).
-44
Calculate (-45 + 16 - -19) + (36 - (-4 + 5)).
25
What is -60 + (-3 - (-8 + (22 - (11 - 6))))?
-72
Calculate -8 + 0 + 235 + -209 - 49.
-31
What is the value of (-3 - 0) + (65 - 41) + -87 + -18?
-84
What is the value of 1483 - 1443 - (51 - 0)?
-11
(-2 - 5) + -25 + 29 + -9 + 34
22
-2 - -150 - (-734 + 989)
-107
What is -71 + (37 - 17 - -27)?
-24
Calculate -4 - -7 - (10 + (37 - -8)).
-52
What is (-5 - -1) + (-33 - -53) + -91?
-75
What is the value of -4 - (19 + -1 + 0 + -11) - (-5 - -38)?
-44
What is (100 - 107) + 44 + (24 - 14)?
47
What is the value of 15 + (26 - 32) + (28 - (0 - -5))?
32
What is the value of 11 - (4 - -5 - 7) - (-2 - -1) - 30?
-20
What is 3 + -9 - (-122 - -64 - -11)?
41
Calculate (-30 - (75 + -105)) + 61.
61
What is the value of (1312 - 1397) + 0 + 91?
6
What is the value of -25 - 3 - (-74 - (-127 - -59))?
-22
Evaluate 104 + -4 + (-17 + 0 - (62 + -89)).
110
(225 - 164 - (1 + 24)) + 6
42
What is the value of 8 + -109 + -1 - 9 - (15 - 11)?
-115
Calculate -114 + 5 - (-60 + 20 - -19).
-88
(-19 - 30 - -14 - -28) + -3
-10
Calculate 9 + -10 + -1 + 176 + -176 + -45.
-47
What is the value of 435 + -401 + 12 + 1?
47
Evaluate -844 - -835 - (10 - 5 - -104).
-118
Calculate (-35 + 82 - (-2 + 4 - -2)) + -4.
39
Evaluate (-3 - (-19 - -2) - (25 + 19 - 39)) + 71.
80
Evaluate -1 + -36 + 201 + -142 + -129.
-107
Evaluate (16 - (9 + 47 - 25)) + 48 + -2.
31
-25 - (8 - (8 + -5)) - (1 - 2 - 8)
-21
Calculate -90 - (-84 + (-43 - -32)).
5
What is the value of -87 - ((430 - 423) + 0 + -13 + 1)?
-82
What is the value of 1607 - 1615 - (0 - 26)?
18
Calculate 13 - (134 - (1 - -14 - -11)).
-95
What is the value of -9 - (30 - (-28 + 76)) - (3 + -1 + 120)?
-113
What is 17 + 10 - -25 - -16?
68
Evaluate 60 + -29 - (76 + -6).
-39
Evaluate (-262 - -260) + -10 + -49.
-61
Evaluate (2 - 24) + -45 + 32 + 113 + 40.
118
What is the value of (2 - 75) + (32 + -11 - 3)?
-55
Calculate 8 + (-3 - 7) + (-26 - 3 - 4) + -7.
-42
What is the value of 28 + 1 + -107 + (-59 - -148)?
11
(7 - 1) + 14 + -52 + 32
0
(497 - (1143 - 659)) + (0 - -1) + -1
13
What is -180 + 120 + 66 + -1 + 1 + -9?
-3
What is the value of (22 - 32) + 41 + 3?
34
What is the value of 11 + 7 + ((18 - (5 + 5)) + -3 - -16)?
39
What is -6 + (-3 - 6) + -80 - (0 + (0 - 2))?
-93
Calculate (1 - 22) + (17 - -6) + -41 + -1.
-40
Calculate -1 + -14 - (-117 - -108) - -33.
27
What is -10 - (36 - 120 - -158)?
-84
What is the value of -5 + 1 - (-62 - (-34 - 94)) - -7?
-63
What is (-9 - (155 + -197 + 12 + 3)) + -67?
-49
3 + 10 - 4 - (1 + 144 - (-1 - 3))
-140
-12 - (-13 + 6 + (7 + 16 + -18 - 16))
6
Evaluate -5 + (-19 - 10) + (61 - 47).
-20
885 + -878 + -2 + 1 + 2 + -17
-9
Calculate -36 + (12 - -4 - 3) - 3.
-26
Calculate -10 + -11 + (-5 - -4) - -16.
-6
77 + (-1 - 11 - 0) + 3506 + -3512
59
Evaluate -46 + ((17 - 32) + 19 + -11 - (-2 - 5)).
-46
Evaluate -14 - ((-18 - 85) + 22) - -28.
95
What is (-60 - -53) + 11 + (26 - 14)?
16
Evaluate 111 - (104 - 167 - -89).
85
What is the value of -102 + 109 - (52 + 8)?
-53
Calculate (-15 - (-3 - -1)) + (1606 - 1614).
-21
Calculate 67 - (41 + -22 + -44 + 10 + (0 - -10)).
72
What is the value of (0 - 0 - 155) + (14784 - 14753)?
-124
Calculate -111 + -100 + 215 - (41 + 1).
-38
Calculate (30 - (17 + (-20 - -18))) + (23 - 5).
33
What is the value of 111 - 0 - (5855 + -5755)?
11
Calculate 12 + (16 + -46 - -14) - -17.
13
Calculate -4 - -4 - (-8 + -16 + 32 - (-1 - -17)).
8
What is (-48 - -23) + (60 - 44) - (-22 - 8)?
21
2 - ((1 - (-52 - -19)) + 9)
-41
Evaluate (-5 + -321 - -162) + 259.
95
What is the value of 56 + (-9 - -21) - 50?
18
(-22 + 14 - 10 - -36) + (2 - -4) + 4
28
What is -17 + 2 - ((74 + -3 - 77) + (-79 - 1))?
71
Evaluate (4 - 3 - -18) + -1 + -10.
8
What is the value 